. What is the highest common factor of j and 60?
15
Suppose -12*x - 28*x + 5400 = 0. What is the greatest common factor of x and 108?
27
Suppose -589 = -8*v + 243. What is the greatest common factor of 32 and v?
8
Suppose -2*d + 2 = -7*d - 4*u, 5*d + 5 = -5*u. Let t(j) = -3*j + 8 + d + 0 - 4. Let o be t(-3). Calculate the highest common factor of o and 30.
15
Let r(o) = -o**2 - 8*o - 3. Let y be r(-8). Let c be (-3 + 15/y)*-1. Let z be 259/c + (-12)/32. Calculate the highest common factor of z and 80.
16
Suppose -2*j - 49 = -x, -5*x - 4*j + 193 = -122. What is the greatest common divisor of 649 and x?
59
Let i(j) = 3*j**3 - j**2 - 13*j - 27. Let t be i(5). Calculate the highest common divisor of 6 and t.
6
Let r be (648/288)/((-1)/(-8)*2). What is the greatest common divisor of r and 1422?
9
Suppose 15*c - 557 = 178. What is the highest common divisor of 1127 and c?
49
Let f = -61 + 64. Suppose -146 = -4*a - 3*i - 5, -f*i + 105 = 3*a. Let n be 2/((-2)/9*-1). What is the greatest common divisor of n and a?
9
Let m(y) = y**3 - y**2 + 79. Let l be m(0). Suppose 149 = 2*p + b, p + 5*b - l = 18. Suppose 0*c + 4*c = p. What is the greatest common divisor of 126 and c?
18
Suppose 13*u = 7*u + 300. Let x be -1 - (0 - -3 - 36). Suppose 3*i - 75 = 5*q, -4*q - x = -i - 0*i. Calculate the highest common factor of i and u.
10
Let i be ((-31)/3)/((-8)/96). Suppose v - 25 = -3*s, v + s - 29 = -0*s. What is the greatest common divisor of v and i?
31
Suppose 153*u + 7821 = 186*u. What is the greatest common divisor of 1027 and u?
79
Suppose -7392 = 3*b - 7668. What is the greatest common factor of 10 and b?
2
Let z = 4 - -2. Let b be (80/z)/((-2)/(-6)). What is the greatest common factor of b and 10?
10
Suppose -1 + 6 = 5*j. Suppose -j = -l + 4. Suppose 0 = l*x - 46 - 44. What is the greatest common divisor of x and 9?
9
Let a = 110 + -66. Let l = -16 + a. Suppose -o - 448 = -3*o. Calculate the greatest common divisor of l and o.
28
Let q = -16 - -40. Suppose -2*t + 88 - q = 0. What is the greatest common factor of t and 48?
16
Let c(m) = m**3 - 7*m**2 - 16*m + 3. Let x be c(9). What is the greatest common divisor of 112 and x?
7
Suppose -3*u + 4*w = -72, 4*w + 60 = 5*u - 52. Suppose -u*q + 6 = -19*q. What is the greatest common factor of q and 4?
2
Let g(h) = 89*h - 70. Let z(p) = 30*p - 23. Let f(x) = 3*g(x) - 8*z(x). Let c be f(9). Calculate the greatest common divisor of 31 and c.
31
Suppose -2*z + 5*r - 34 = -5*z, 8 = -4*z + 4*r. Calculate the highest common divisor of 33 and z.
3
Suppose o - 3*o - 14 = 5*m, 0 = m + 2. Let x = 2 - o. Suppose z - x - 2 = 0. Calculate the highest common divisor of z and 54.
6
Suppose 179 = 11*d - 701. What is the highest common divisor of 640 and d?
80
Let n = 1001 + 79. What is the highest common divisor of n and 80?
40
Let p(y) = -7*y - 1. Let t be (2/(-8))/((-2)/(-8)). Let j be p(t). Let g(v) = 4*v + 1. Let h be g(j). What is the greatest common factor of 10 and h?
5
Let s(d) = -6 - d - 3*d - 3*d. Suppose 260 = m + 266. Let x be s(m). Calculate the greatest common divisor of x and 18.
18
Let w be 63/42*1*16. What is the highest common divisor of 192 and w?
24
Let f be (1235/57)/(10/36). What is the highest common divisor of 12 and f?
6
Suppose 0*l = 2*l - 384. Suppose 18 = 3*d - 54. What is the highest common factor of d and l?
24
Let g(b) be the third derivative of -5*b**4/24 - b**3/2 - 3*b**2. Let i be g(-7). Suppose 136 + 104 = 5*o. What is the greatest common factor of o and i?
16
Suppose -4*p = 26 - 98. Let q = 38 - p. Suppose -q = -3*g + g. Calculate the highest common factor of g and 1.
1
Let x be 4 + 4 + -8*1. Suppose x*n + 18 = 2*n. Let w be 3 + -3 + n - 1. Calculate the greatest common factor of 16 and w.
8
Suppose 58*s - 182 = 45*s. What is the greatest common divisor of 2 and s?
2
Suppose 191 = -3*w + 551. Calculate the highest common divisor of 150 and w.
30
Let h be ((-42)/9 + 5)/((-6)/(-20358)). What is the highest common divisor of h and 78?
39
Let b = 549 - 525. Calculate the greatest common divisor of 192 and b.
24
Let y be -4 + 1 + (-2)/2*-83. Calculate the greatest common factor of y and 24.
8
Suppose -3*y + 3*q + 556 = q, 4*q - 544 = -3*y. Let s = -109 + y. Calculate the greatest common divisor of s and 30.
15
Let b(q) = q**3 + 9*q**2 - q. Let a be b(-9). Calculate the greatest common divisor of 279 and a.
9
Suppose 222 = -5*k + 8*k. Let y be k/5 + (-1)/(-5). Let u = 2 - -163. Calculate the highest common factor of u and y.
15
Let i = -2613 + 4048. What is the greatest common factor of 35 and i?
35
Let g = -925 - -947. What is the highest common factor of 121 and g?
11
Let s = -3 + 5. Let h be (-1)/((-4)/80) + 0 + -2. Calculate the highest common factor of s and h.
2
Let j = -6 + 83. Suppose -j*o + 73*o = -20. What is the highest common factor of 85 and o?
5
Suppose -g - 210 = -5*r - 3*g, 0 = 5*r - g - 210. Let q = r + -23. Calculate the highest common divisor of q and 133.
19
Suppose 0 = 4*a - 2*a - 144. Let f be (-60)/6 + 25*76/10. What is the greatest common divisor of a and f?
36
Let o be ((-10)/4)/((-3)/6). Suppose -f + 41 = o. What is the highest common factor of 18 and f?
18
Suppose -3*v - 5*f = 14, 0 = 3*v - v + 5*f + 16. Let j(l) = 12*l**3 - 3*l + 1. Let p be j(v). What is the highest common factor of 13 and p?
13
Let f be 2/(-4)*(202 - -14). Let g = 111 + f. Calculate the greatest common divisor of 3 and g.
3
Suppose r - 601 = -5*j, -439 = -4*r + 2*j + 2053. Calculate the greatest common factor of r and 23.
23
Let m be (-4)/2 - (3 + -8). Let i(g) = -2*g**2 + 155*g + 105. Let d be i(78). Calculate the greatest common divisor of m and d.
3
Suppose -2*i + 345 = 3*v, 0*i - 2*v + 173 = i. What is the greatest common divisor of i and 18?
9
Let w = -492 - -514. What is the greatest common divisor of 407 and w?
11
Let a be 238/(-51)*6/(-7). What is the highest common divisor of 50 and a?
2
Suppose -16*d - 434 - 430 = 0. Let c be ((-6)/9)/(4/d). Let o be ((-6)/(-4))/((-2)/(-12)). What is the highest common factor of o and c?
9
Suppose 4 = -q + 2*q. Suppose 0 = 5*u - q*m + 3*m - 16, 3*u - 5*m - 14 = 0. Let a(j) = 3*j - 18. Let t be a(13). What is the highest common divisor of u and t?
3
Let p = -334 - -384. Calculate the greatest common divisor of p and 10.
10
Let g = -1518 - -1540. Calculate the greatest common divisor of 1606 and g.
22
Let m = 231 - 225. Calculate the greatest common divisor of m and 16.
2
Let c be -75*(1749/(-265) - -1*5). Let i = 7 - -8. What is the highest common divisor of i and c?
15
Suppose -2*a = -13 + 1. Let y = 24 - 17. Let n be 0/y + (-24)/(-2). Calculate the highest common divisor of n and a.
6
Let k be (3 - -3) + -1 + 31. Suppose -q + 3*p - p = -k, q - 5*p - 36 = 0. What is the greatest common factor of 18 and q?
18
Let s be (-89)/(-7) - 12/(-42)*1. Calculate the greatest common factor of s and 91.
13
Let m be 24/(5 + -9) + 49. Suppose 0*w + 4 = -w. Let z = m + w. What is the highest common factor of z and 26?
13
Let j be ((-9)/(-5))/(4/40). Let g = 22 - j. Suppose -63 + 303 = g*i. Calculate the greatest common factor of i and 90.
30
Suppose -101*p = -103*p + 90. Suppose 26 = 4*g + 2*j, 2*j - 1 = 5. Calculate the greatest common divisor of p and g.
5
Suppose 0 = -16*q + 8627 - 2691. Calculate the highest common divisor of q and 106.
53
Suppose p = -4*y + 94, 0*p = 2*p + y - 195. Calculate the highest common divisor of p and 56.
14
Let q = -7193 - -7217. Let i(z) = -z**3 - 6*z**2 - 4*z + 8. Let u be i(-6). Calculate the greatest common divisor of q and u.
8
Let o(z) = z + 113. Let q be o(8). What is the greatest common factor of 22 and q?
11
Let p(l) = -7*l + 295. Let c be p(-47). What is the greatest common factor of 78 and c?
78
Let j(x) = 10*x + 792. Let s be j(0). What is the highest common factor of s and 72?
72
Let p(s) = 138 + 3*s - 105 - s. Let w be p(-15). Suppose -2*q - 2*r + 44 = w*r, 4*q = -3*r + 60. What is the highest common divisor of q and 60?
12
Suppose 2*q - 64 = -6*q. Calculate the highest common factor of 16 and q.
8
Let x be ((-18)/8)/((-12)/64). Let p(z) = z + 15. Let r be p(-16). Let t be (r + -2)/(-7 - -6). What is the greatest common factor of x and t?
3
Let a be 32*(1 + 0) - 2. Let r = 1227 - 1107. What is the greatest common factor of a an